der when 12004 is divided by 3998?
10
Calculate the remainder when 24 is divided by 2.
0
What is the remainder when 94 is divided by 67?
27
Calculate the remainder when 784 is divided by 19.
5
Calculate the remainder when 113 is divided by 8.
1
Calculate the remainder when 5656 is divided by 283.
279
Calculate the remainder when 257 is divided by 66.
59
What is the remainder when 422 is divided by 85?
82
Calculate the remainder when 98 is divided by 50.
48
Calculate the remainder when 36422 is divided by 29.
27
Calculate the remainder when 778 is divided by 52.
50
What is the remainder when 103 is divided by 40?
23
What is the remainder when 2438 is divided by 154?
128
What is the remainder when 698 is divided by 120?
98
Calculate the remainder when 1986 is divided by 660.
6
Calculate the remainder when 60 is divided by 7.
4
What is the remainder when 282 is divided by 110?
62
Calculate the remainder when 10386 is divided by 17.
16
What is the remainder when 2688 is divided by 90?
78
What is the remainder when 104 is divided by 52?
0
What is the remainder when 2838 is divided by 166?
16
What is the remainder when 4533 is divided by 12?
9
What is the remainder when 67 is divided by 4?
3
What is the remainder when 356 is divided by 72?
68
Calculate the remainder when 27 is divided by 16.
11
What is the remainder when 1200 is divided by 398?
6
Calculate the remainder when 334 is divided by 38.
30
Calculate the remainder when 1060 is divided by 87.
16
Calculate the remainder when 55 is divided by 7.
6
Calculate the remainder when 60 is divided by 16.
12
Calculate the remainder when 80 is divided by 67.
13
Calculate the remainder when 799 is divided by 45.
34
Calculate the remainder when 71 is divided by 9.
8
Calculate the remainder when 127 is divided by 67.
60
Calculate the remainder when 1225 is divided by 408.
1
What is the remainder when 240 is divided by 61?
57
Calculate the remainder when 33 is divided by 13.
7
What is the remainder when 76 is divided by 24?
4
Calculate the remainder when 310 is divided by 21.
16
What is the remainder when 265 is divided by 15?
10
Calculate the remainder when 1097 is divided by 18.
17
What is the remainder when 739 is divided by 152?
131
What is the remainder when 318 is divided by 23?
19
What is the remainder when 259 is divided by 33?
28
Calculate the remainder when 1765 is divided by 19.
17
Calculate the remainder when 1153 is divided by 84.
61
Calculate the remainder when 237 is divided by 57.
9
What is the remainder when 288 is divided by 39?
15
What is the remainder when 78 is divided by 11?
1
Calculate the remainder when 17 is divided by 4.
1
Calculate the remainder when 113 is divided by 19.
18
Calculate the remainder when 7254 is divided by 11.
5
What is the remainder when 214 is divided by 71?
1
Calculate the remainder when 133 is divided by 36.
25
What is the remainder when 1493 is divided by 11?
8
What is the remainder when 543 is divided by 42?
39
Calculate the remainder when 57 is divided by 10.
7
Calculate the remainder when 69 is divided by 21.
6
Calculate the remainder when 47 is divided by 42.
5
Calculate the remainder when 1783 is divided by 47.
44
What is the remainder when 132 is divided by 20?
12
What is the remainder when 2824 is divided by 25?
24
Calculate the remainder when 48 is divided by 13.
9
What is the remainder when 44 is divided by 41?
3
Calculate the remainder when 355 is divided by 51.
49
Calculate the remainder when 211 is divided by 73.
65
What is the remainder when 3247 is divided by 19?
17
What is the remainder when 207 is divided by 7?
4
Calculate the remainder when 169 is divided by 63.
43
Calculate the remainder when 255 is divided by 155.
100
What is the remainder when 2914 is divided by 73?
67
Calculate the remainder when 337 is divided by 112.
1
Calculate the remainder when 1636 is divided by 809.
18
Calculate the remainder when 871 is divided by 19.
16
Calculate the remainder when 167 is divided by 29.
22
What is the remainder when 32 is divided by 27?
5
Calculate the remainder when 975 is divided by 193.
10
Calculate the remainder when 8798 is divided by 110.
108
Calculate the remainder when 758 is divided by 322.
114
Calculate the remainder when 4956 is divided by 1651.
3
What is the remainder when 212 is divided by 74?
64
What is the remainder when 555 is divided by 270?
15
Calculate the remainder when 209 is divided by 46.
25
What is the remainder when 91 is divided by 33?
25
What is the remainder when 168 is divided by 163?
5
Calculate the remainder when 100 is divided by 17.
15
Calculate the remainder when 3472 is divided by 24.
16
What is the remainder when 9295 is divided by 9?
7
What is the remainder when 2720 is divided by 72?
56
What is the remainder when 1310 is divided by 327?
2
What is the remainder when 186 is divided by 64?
58
What is the remainder when 3368 is divided by 196?
36
Calculate the remainder when 85 is divided by 15.
10
Calculate the remainder when 133 is divided by 68.
65
What is the remainder when 149 is divided by 40?
29
What is the remainder when 462 is divided by 111?
18
Calculate the remainder when 957 is divided by 32.
29
Calculate the remainder when 1179 is divided by 388.
15
Calculate the remainder when 737 is divided by 31.
24
Calculate the remainder when 206 is divided by 71.
64
Calculate the remainder when 48 is divided by 7.
6
Calculate the remainder when 1664 is divided by 49.
47
What is the remainder when 761 is divided by 761?
0
Calculate the remainder when 57 is divided by 5.
2
Calculate the remainder when 398 is divided by 122.
32
What is the remainder when 6584 is divided by 822?
8
What is the remainder when 3267 is divided by 10?
7
Calculate the remainder when 924 is divided by 127.
35
Calculate the remainder when 1376 is divided by 686.
4
Calculate the remainder when 1437 is divided by 16.
13
What is the remainder when 946 is divided by 194?
170
What is the remainder when 507 is divided by 22?
1
What is the remainder when 1991 is divided by 105?
101
Calculate the remainder when 1345 is divided by 123.
115
What is the remainder when 593 is divided by 17?
15
Calculate the remainder when 81 is divided by 21.
18
What is the remainder when 851 is divided by 57?
53
Calculate the remainder when 404 is divided by 45.
44
What is the remainder when 1618 is divided by 5?
3
Calculate the remainder when 6470 is divided by 83.
79
What is the remainder when 140 is divided by 61?
18
Calculate the remainder when 36238 is divided by 60.
58
Calculate the remainder when 871 is divided by 121.
24
What is the remainder when 692 is divided by 21?
20
What is the remainder when 65 is divided by 35?
30
What is the remainder when 15660 is divided by 191?
189
Calculate the remainder when 57 is divided by 15.
12
What is the remainder when 735 is divided by 242?
9
What is the remainder when 3 is divided by 3?
0
What is the remainder when 2495 is divided by 618?
23
What is the remainder when 81 is divided by 53?
28
What is the remainder when 2127 is divided by 1025?
77
Calculate the remainder when 320 is divided by 81.
77
Calculate the remainder when 145 is divided by 47.
4
What is the remainder when 74 is divided by 16?
10
Calculate the remainder when 376 is divided by 79.
60
Calculate the remainder when 373 is divided by 60.
13
What is the remainder when 2463 is divided by 22?
21
What is the remainder when 2090 is divided by 383?
175
What is the remainder when 34 is divided by 18?
16
What is the remainder when 1780 is divided by 84?
16
What is the remainder when 886 is divided by 74?
72
What is the remainder when 102 is divided by 25?
2
What is the remainder when 12050 is divided by 41?
37
Calculate the remainder when 151 is divided by 51.
49
What is the remainder when 483 is divided by 19?
8
What is the remainder when 92 is divided by 25?
17
Calculate the remainder when 313 is divided by 63.
61
Calculate the remainder when 823 is divided by 274.
1
Calculate the remainder when 131 is divided by 18.
5
Calculate the remainder when 337 is divided by 85.
82
Calculate the remainder when 132 is divided by 109.
23
What is the remainder when 1778 is divided by 119?
112
Calculate the remainder when 2780 is divided by 96.
92
What is the remainder w